 -3 + 1 - 1 - 5*u + 2*u**2 - 3*u**2. Calculate c(k).
-3
Let a(g) be the second derivative of -g**4/12 - g**3/6 - 3*g**2/2 + 10*g. Let k(j) = -j + 2. Let w be k(2). Give a(w).
-3
Let y = -15 - -15. Let q(d) be the third derivative of -d**5/60 + d**3/2 - 7*d**2. Give q(y).
3
Let t(p) = -p. Let s(d) = 4*d**2 + d - 1. Let k(a) = -s(a) - 2*t(a). What is k(-1)?
-4
Let w(i) = -2*i**3 - i**2 - 4*i + 1. Let x(g) = -3*g**3 - g**2 - 5*g + 1. Let u be ((-9)/12)/1*4. Let n(o) = u*x(o) + 4*w(o). Give n(1).
0
Let c(w) = -2*w**2 + w + 2. Let i(f) = f**3 - 4*f - 1. Let h(q) = 3*q + 1. Let d(y) = 4*h(y) + 3*i(y). Let z be d(-1). What is c(z)?
-8
Let s(a) = -2*a**2 - a - 1. Let t(i) = 5*i**2 + 5*i + 4. Let l(n) = -6*n**2 - 6*n - 5. Let w(q) = 3*l(q) + 4*t(q). Let r(f) = -5*s(f) - 4*w(f). What is r(2)?
3
Let f(z) = -3*z. Let o(q) = 1. Let h(y) = -2*y + 5. Let u(m) = 2*h(m) - 10*o(m). Suppose 7*a + 6 = 4*a. Let g(j) = a*u(j) + 3*f(j). Calculate g(3).
-3
Let l(j) = 3*j**3 - 2*j**3 + 6*j - 4 - 2 + 7*j**2. Let d(o) = o**3 + 5*o**2 - 6*o + 4. Let n be d(-6). Suppose 2 = n*m + 26. Give l(m).
-6
Let i be (20 + 0)*(-5)/(-20). Let f(z) = z**3 - 4*z**2 - 6*z + 5. Determine f(i).
0
Let t be 20/50 - 16/(-10). Let b(w) = w + 2. Let u be b(0). Let p(c) = -4*c**u - 3 + c**2 + c**3 + 2*c**t - 3*c. What is p(-2)?
-9
Let s be (12/10)/((-6)/(-20)). Let k(z) = 3*z - z + 5 - s*z. Let o be (2/(-3))/((-4)/30). What is k(o)?
-5
Let m(z) = -z**3 + 6*z**2 - 11*z + 5. Let r(v) = -v. Let n(f) = m(f) - 4*r(f). What is n(4)?
9
Suppose 4 = 2*g + 2*g. Suppose -n + g = -3. Let d(y) = y**2 - y - 5. What is d(n)?
7
Let g(s) = -8*s + 3. Let a be (1 - 0)*(-17 - -5). Let k be a/(-7) + 2/7. Calculate g(k).
-13
Let l(z) be the second derivative of z**5/20 + z**4/4 + z**3/3 + 2*z**2 - z. Let v(g) = 8*g + 21. Let c be v(-3). Give l(c).
-2
Let p(n) = -2*n. Let h be p(-1). Let m(s) = 2 + 0 + h*s + 8 - 4. Suppose -2*v - 7 = 3*u + 13, 2*v = -4*u - 24. Calculate m(v).
-2
Suppose z - g = 1, -2*z + 5*g + 1 = -7. Let l(h) = -11*h**2 + h. Calculate l(z).
-12
Let x(s) = -2*s**3 + 2*s**2 + s - 1. Let z = -1 + 5. Let q be (z/(-6))/((-3)/9). What is x(q)?
-7
Suppose -4*m + 9 = -11. Let h(c) = 0 - 3*c + 1 + m*c. Determine h(1).
3
Let s(u) = 22*u**2 - u + 1. Suppose -4*r + d = -2*d - 16, 2*d = -3*r - 5. What is s(r)?
22
Let i(x) = -1 - 2*x**3 + 4*x**3 - 4*x**3 + 4*x**3. Let l be i(-1). Let u(n) be the first derivative of n**3/3 + 2*n**2 + 3*n - 7. Give u(l).
0
Suppose 0 = -4*s + 4*c + 16 + 4, 0 = -s - 2*c + 5. Let l(a) = 2*a**2 - 7*a - 1. What is l(s)?
14
Suppose -4*x = 3*p + 9, -4*p + 6 = -6*p. Suppose x = 2*u + 3*u + 30. Let c(s) = -s**2 - 7*s - 1. Determine c(u).
5
Let b(m) be the third derivative of m**7/840 - m**6/120 - m**5/120 + m**4/8 + m**3/3 + 2*m**2. Let p(v) be the first derivative of b(v). Give p(3).
0
Let t(a) be the first derivative of -a**4/4 + a**3 - a**2 + 59. Let x(g) = -g - 3. Let w be x(-5). What is t(w)?
0
Let q(c) = c**3 - 6*c**2 + 5*c + 3. Suppose -5*m - 5*j - 5 = 0, 2*j = 4*m - j - 31. Suppose 0 = m*n, -3*g + 5*n + 7 = -5. Calculate q(g).
-9
Let j be -1*-5*1 - 0. Let f(g) = -2*g**3 + 19*g**2 + g - 12. Let i(c) = -c**3 + 10*c**2 - 6. Let b(o) = 6*f(o) - 11*i(o). Give b(j).
-1
Let q(o) = -o**2 - 3*o + 5. Let w be q(2). Let u(k) = -k**2 - 4*k + 2. Determine u(w).
-3
Let c be 24/14*(-7)/(-2). Let y(x) = x - 5. Determine y(c).
1
Let a(n) be the second derivative of n**4/6 + 5*n. Determine a(-2).
8
Let l(s) = -2*s. Let c be (-3)/(-9) - (-30)/(-9). Let h be c/(-1*2 + 1). Suppose o = -d - 0*o - 1, -3 = -h*d - o. Determine l(d).
-4
Let q(l) be the first derivative of 3*l - 3*l**2 - 1 - 1 + 2*l + l**2. What is q(5)?
-15
Let q = 32 + -28. Let w(z) = -z**2 - 2*z + 5. Give w(q).
-19
Let n(u) = 9*u**2 + u. Suppose 2*d - 3 = -s, 3 = 4*d + 3*s - 4. Suppose 0 = -j + d - 0. Determine n(j).
10
Let a(g) = -g**3 + 5*g**2 - 5*g + 4. Let l be a(4). Let w = l - -3. Let k = w - -2. Let s(z) = z**3 - 4*z**2 - 7*z + 5. Determine s(k).
-5
Let d be 1/(55/(-22)) - (-24)/10. Let j(r) = -13*r + 9. Let s(u) = 7*u - 5. Let g(w) = -4*j(w) - 7*s(w). Calculate g(d).
5
Let p(k) be the first derivative of 9*k**4/4 - 2*k**3/3 + k + 1. Give p(1).
8
Let f(a) be the first derivative of a**3/3 + 3*a**2/2 - 2*a - 11. Determine f(-3).
-2
Let j(s) = -19*s. Let x be 4/14 + -1 + 6/(-21). Determine j(x).
19
Let o = -1 - 2. Let m = o - -1. Let w(l) be the first derivative of l**2 + 2*l + 1. Calculate w(m).
-2
Let i(w) be the second derivative of w**3/6 - 16*w. Give i(6).
6
Let b(q) = -q**2 + 9*q + 9. Let s be b(10). Let i(l) = 3*l. Give i(s).
-3
Let g(d) = -3*d + 2. Suppose 0 = 3*v - 5*z + 9, -3*v - 2*z = 3*z + 9. Give g(v).
11
Suppose -2*o - 1 = -7. Let x(v) be the first derivative of 1/3*v**o + 2*v - 2*v**2 - 3. What is x(5)?
7
Let p = -19 + 21. Let v(r) = -4*r + r + 3*r**3 + 4*r**2 - 4*r**3. Determine v(p).
2
Let z(l) = 2*l + 6. Let s be (16/(-20))/(4/(-10)). Suppose -5*n = -2*t + 20, -4*t = -2*n - s*n - 4. Give z(n).
-6
Let a(z) be the first derivative of z**4/4 - 2*z**3 + 7*z**2/2 - 7*z - 27. Let y(i) = i**3 + 5*i**2 - 7*i - 1. Let p be y(-6). Give a(p).
3
Let p be (24/(-9))/(12/18). Let c(s) = -s**3 - 4*s**2. Calculate c(p).
0
Let o(l) = 1 + 4*l + 2 - 3*l - 4. Give o(-4).
-5
Let k(u) = -4*u - 1. Let h be (-29)/4 - 1/(-4). Let n(w) = -13*w - 3. Let s(t) = -t**3 - t + 2. Let o be s(0). Let j(r) = h*k(r) + o*n(r). Determine j(-1).
-1
Let b be (-3 - 0)/(-3)*1. Suppose -41 = -3*o + 4*m, -m = 4 + b. Let z(n) = -n + 7. Determine z(o).
0
Let s(m) = -m**2 - 1. Let v(r) = -6*r**2 - 5*r - 3. Let j(w) = -5*s(w) + v(w). Calculate j(-5).
2
Let y be ((-85)/(-25) - 3)*10. Let a(m) be the third derivative of m**4/24 - 5*m**3/6 - m**2. Calculate a(y).
-1
Let z(b) = -b - 1. Let x(a) = -a**2 + a. Let d(f) = f**3 - 2*f**2 - 4*f + 3. Let q be d(3). Let v be x(q). Suppose v = 5*t - 5 - 0. Calculate z(t).
-2
Let l(c) = -c**3 + 4*c - 5*c + c - 1. Let b = -8 + 7. Calculate l(b).
0
Suppose -3*h = 4*n - 7, -h - 19 = -0*h - 4*n. Let b(j) = j**2 + j. Let y be b(h). Let d be 4/(-12) + 20/y. Let m(o) = -o**3 + o**2 + 3*o + 3. Give m(d).
-6
Let y(x) be the second derivative of x - 3/2*x**2 + 0 - 1/2*x**3 + 1/10*x**5 - 1/120*x**6 - 1/6*x**4. Let v(w) be the first derivative of y(w). Determine v(5).
2
Suppose 15 = -3*u, r = -2*r + 5*u + 10. Let v(k) = 2*k + 5. Determine v(r).
-5
Let k(l) = -l**2 - 6*l - 6. Let h(f) = 3*f**2 + 18*f + 18. Let t(x) = -3*h(x) - 8*k(x). Suppose m + 4 = -0*m. Calculate t(m).
2
Let l(p) = -3*p**2 + 5. Let h(a) = 7*a**2 - 11. Let r = -10 + 5. Let x(t) = r*l(t) - 2*h(t). What is x(0)?
-3
Let i(a) = a + 10. Let d = -9 - 5. Let m be 63/d*(-8)/(-6). Give i(m).
4
Let o be ((-6)/(-9))/((-10)/(-165)). Let d = o + -9. Let w(x) = -3*x + 2. What is w(d)?
-4
Let b(r) = -r. Let g be (-8 + 2)/(-3) - 7. Calculate b(g).
5
Let d be 1 + 1 - (4 + -4). Suppose d*v - 6 = -v. Let b(i) = 3*i**2 - i - 2*i**2 - 7*i**v + 1. Determine b(1).
-6
Let n(k) = -k**2 + 2*k - 1. Let x(r) = r**2 - 1. Suppose 4*d = -2*j + 17 + 3, -3*j + 4*d - 10 = 0. Let t be x(j). Give n(t).
-4
Let f(v) = -4*v**2 - 3*v - 2. Let n be f(-2). Let o be (12/(-2))/(n/8). Let c(y) = -y**3 + 4*y**2 - y - 2. Calculate c(o).
-6
Suppose 2*g - 6 = -4*y, y + g = -4*g - 12. Let i = 0 + y. Let f(b) = -i*b**3 - 4*b + b**3 + 3*b**3 + b**2. Determine f(-3).
-6
Suppose -w = -0*w. Let u(b) = -b**2 + 5. Let m be u(w). Let s(q) be the first derivative of -q**3/3 + 2*q**2 + 3*q - 1. Give s(m).
-2
Suppose 0 = -5*i + 14 - 4. Let n(v) = 3*v + 9 + 3*v - v**i - v - 4. What is n(5)?
5
Let f = -1 - 1. Let w(q) be the second derivative of -q**5/20 + q**3/6 - q**2/2 + q. Determine w(f).
5
Let k(l) = -6*l**2 + l - l - l**3 - 4*l - 3. What is k(-5)?
-8
Let f(k) be the third derivative of -k**5/60 + 5*k**4/24 - k**3/3 + 6*k**2. Calculate f(4).
2
Let o = -8 + 10. Suppose -o*n = 8 - 2. Let i(f) = f**3 + 3*f**2 - f - 2. Determine i(n).
1
Let i(n) be the second derivative of n**3/3 + 3*n**2 - n. Give i(-8).
-10
Let j = -17 - -13. Let s(o) = -o**2 + 0 + 1 + 2*o**2 + 3*o. Determine s(j).
5
Suppose -7 - 1 = -4*a. Let t(r) be the second derivative of -1/2*r**3 + r**2 + 0 + 1/4*r**4 - 1/20*r**5 + a*r. What is t(3)?
-7
Let o(y) = -4*y + 49. Let c be o(11). Let k(z) = 2*z**3 - 4*z**2 + 2. Let h be k(3). Suppose 5 + h = -c*i. Let q(p) = -p